{"id":30,"date":"2021-05-11T14:52:37","date_gmt":"2021-05-11T12:52:37","guid":{"rendered":"https:\/\/adxl.fr\/?page_id=30"},"modified":"2021-05-21T16:33:55","modified_gmt":"2021-05-21T14:33:55","slug":"des-professionnels-des-achats-a-votre-service","status":"publish","type":"page","link":"https:\/\/adxl.fr\/index.php\/des-professionnels-des-achats-a-votre-service\/","title":{"rendered":"Des professionnels des achats \u00e0 votre service"},"content":{"rendered":"\n<div class=\"wp-block-image\"><figure class=\"alignleft\"><img loading=\"lazy\" decoding=\"async\" width=\"150\" height=\"320\" src=\"https:\/\/adxl.fr\/wp-content\/uploads\/2021\/05\/Phare.png\" alt=\"\" class=\"wp-image-17\" srcset=\"https:\/\/adxl.fr\/wp-content\/uploads\/2021\/05\/Phare.png 150w, https:\/\/adxl.fr\/wp-content\/uploads\/2021\/05\/Phare-141x300.png 141w\" sizes=\"auto, (max-width: 150px) 100vw, 150px\" \/><\/figure><\/div>\n\n\n\n<p>ADXL est n\u00e9e en 2006 de la rencontre de <a href=\"https:\/\/adxl.fr\/index.php\/les-fondateurs\/\" data-type=\"URL\" data-id=\"https:\/\/adxl.fr\/index.php\/les-fondateurs\/\">deux passionn\u00e9s des achats<\/a>. Notre mission est de f\u00e9d\u00e9rer les comp\u00e9tences et expertises de sp\u00e9cialistes de haut niveau* afin d&rsquo;<a href=\"https:\/\/adxl.fr\/index.php\/montez-en-puissance-aux-achats\/\" data-type=\"URL\" data-id=\"https:\/\/adxl.fr\/index.php\/montez-en-puissance-aux-achats\/\">aider nos clients \u00e0 monter en puissance aux achats<\/a>.<\/p>\n\n\n\n<p>Notre savoir-faire : former et conseiller les organisations achats industrielles. Nous formons \u00e9galement des \u00e9tudiants en formation sup\u00e9rieure (MAI, EPFL, Procure.ch, etc.).<\/p>\n\n\n\n<p>Nos m\u00e9thodes : enseignements et ateliers bas\u00e9s sur vos propres cas pratiques, anim\u00e9s par des acheteurs professionnels.<\/p>\n\n\n\n<p class=\"has-text-align-center\"><strong>Notre devise : \u00ab\u00a0Achetez mieux que vos concurrents !\u00a0\u00bb<\/strong><\/p>\n\n\n\n<p>Nos <a href=\"https:\/\/adxl.fr\/index.php\/les-fondateurs\/\" data-type=\"URL\" data-id=\"https:\/\/adxl.fr\/index.php\/les-fondateurs\/\">associ\u00e9s fondateurs<\/a>, Aymeric Duprez et Xavier Leclercq, vous aideront \u00e0 d\u00e9finir votre strat\u00e9gie achats et \u00e0 organiser vos \u00e9quipes.<\/p>\n\n\n\n<p class=\"has-text-align-right\">* <a href=\"mailto:contact@adxl.eu?subject=Let's work together !\">Rejoignez-nous !<\/a><\/p>\n","protected":false},"excerpt":{"rendered":"<p>ADXL est n\u00e9e en 2006 de la rencontre de deux passionn\u00e9s des achats. Notre mission est de f\u00e9d\u00e9rer les comp\u00e9tences et expertises de sp\u00e9cialistes de haut niveau* afin d&rsquo;aider nos clients \u00e0 monter en puissance aux achats. Notre savoir-faire : &hellip; <a href=\"https:\/\/adxl.fr\/index.php\/des-professionnels-des-achats-a-votre-service\/\">Continuer la lecture <span class=\"meta-nav\">&rarr;<\/span><\/a><\/p>\n","protected":false},"author":1,"featured_media":0,"parent":0,"menu_order":0,"comment_status":"closed","ping_status":"closed","template":"","meta":{"footnotes":""},"class_list":["post-30","page","type-page","status-publish","hentry"],"_links":{"self":[{"href":"https:\/\/adxl.fr\/index.php\/wp-json\/wp\/v2\/pages\/30","targetHints":{"allow":["GET"]}}],"collection":[{"href":"https:\/\/adxl.fr\/index.php\/wp-json\/wp\/v2\/pages"}],"about":[{"href":"https:\/\/adxl.fr\/index.php\/wp-json\/wp\/v2\/types\/page"}],"author":[{"embeddable":true,"href":"https:\/\/adxl.fr\/index.php\/wp-json\/wp\/v2\/users\/1"}],"replies":[{"embeddable":true,"href":"https:\/\/adxl.fr\/index.php\/wp-json\/wp\/v2\/comments?post=30"}],"version-history":[{"count":8,"href":"https:\/\/adxl.fr\/index.php\/wp-json\/wp\/v2\/pages\/30\/revisions"}],"predecessor-version":[{"id":83,"href":"https:\/\/adxl.fr\/index.php\/wp-json\/wp\/v2\/pages\/30\/revisions\/83"}],"wp:attachment":[{"href":"https:\/\/adxl.fr\/index.php\/wp-json\/wp\/v2\/media?parent=30"}],"curies":[{"name":"wp","href":"https:\/\/api.w.org\/{rel}","templated":true}]}}

Des professionnels des achats à votre service

<div class="wp-block-image"><figure class="alignleft"><img loading="lazy" decoding="async" width="150" height="320" src="https://adxl.fr/wp-content/uploads/2021/05/Phare.png" alt="" class="wp-image-17" srcset="https://adxl.fr/wp-content/uploads/2021/05/Phare.png 150w, https://adxl.fr/wp-content/uploads/2021/05/Phare-141x300.png 141w" sizes="auto, (max-width: 150px) 100vw, 150px" /></figure></div>



<p>ADXL est née en 2006 de la rencontre de <a href="https://adxl.fr/index.php/les-fondateurs/" data-type="URL" data-id="https://adxl.fr/index.php/les-fondateurs/">deux passionnés des achats</a>. Notre mission est de fédérer les compétences et expertises de spécialistes de haut niveau* afin d&rsquo;<a href="https://adxl.fr/index.php/montez-en-puissance-aux-achats/" data-type="URL" data-id="https://adxl.fr/index.php/montez-en-puissance-aux-achats/">aider nos clients à monter en puissance aux achats</a>.</p>



<p>Notre savoir-faire : former et conseiller les organisations achats industrielles. Nous formons également des étudiants en formation supérieure (MAI, EPFL, Procure.ch, etc.).</p>



<p>Nos méthodes : enseignements et ateliers basés sur vos propres cas pratiques, animés par des acheteurs professionnels.</p>



<p class="has-text-align-center"><strong>Notre devise : « Achetez mieux que vos concurrents ! »</strong></p>



<p>Nos <a href="https://adxl.fr/index.php/les-fondateurs/" data-type="URL" data-id="https://adxl.fr/index.php/les-fondateurs/">associés fondateurs</a>, Aymeric Duprez et Xavier Leclercq, vous aideront à définir votre stratégie achats et à organiser vos équipes.</p>



<p class="has-text-align-right">* <a href="mailto:contact@adxl.eu?subject=Let's work together !">Rejoignez-nous !</a></p>

<p>ADXL est née en 2006 de la rencontre de deux passionnés des achats. Notre mission est de fédérer les compétences et expertises de spécialistes de haut niveau* afin d&rsquo;aider nos clients à monter en puissance aux achats. Notre savoir-faire : &hellip; <a href="https://adxl.fr/index.php/des-professionnels-des-achats-a-votre-service/">Continuer la lecture <span class="meta-nav">&rarr;</span></a></p>
