{"id":62,"date":"2021-05-21T16:18:12","date_gmt":"2021-05-21T14:18:12","guid":{"rendered":"https:\/\/adxl.fr\/?page_id=62"},"modified":"2025-09-19T20:54:25","modified_gmt":"2025-09-19T18:54:25","slug":"cost-killing","status":"publish","type":"page","link":"https:\/\/adxl.fr\/index.php\/cost-killing\/","title":{"rendered":"Audit de vos achats indirects"},"content":{"rendered":"<div class=\"wp-block-image\">\n<figure class=\"alignright\"><img loading=\"lazy\" decoding=\"async\" width=\"300\" height=\"240\" src=\"https:\/\/adxl.fr\/wp-content\/uploads\/2021\/05\/image-21.png\" alt=\"Frais g\u00e9n\u00e9raux\" class=\"wp-image-63\"\/><\/figure>\n<\/div>\n\n\n<p class=\"has-text-align-left\">Les achats directs sont la pr\u00e9occupation principale de vos acheteurs&nbsp;: il faut ma\u00eetriser le coeur de m\u00e9tier&nbsp;! D&rsquo;ailleurs, comment un outsider qui ne conna\u00eet ni votre activit\u00e9 ni vos fournisseurs ach\u00e8terait-il mieux que vous&nbsp;?<\/p>\n\n\n\n<p>En revanche, pour les frais g\u00e9n\u00e9raux (fournitures de bureau, t\u00e9l\u00e9phonie, assurances, \u00e9lectricit\u00e9, gaz, nettoyage, etc.), il ya g\u00e9n\u00e9ralement un potentiel inexploit\u00e9. Ces cat\u00e9gories trop nombreuses, (d\u00e9lib\u00e9r\u00e9ment&nbsp;?) complexes et changeantes sont chronophages et rarement prioritaires. Avez-vous du temps \u00e0 perdre pour \u00e7a&nbsp;?<\/p>\n\n\n\n<p class=\"has-text-align-left\"><strong>Un cost-killer d\u00e9di\u00e9&#8230;<\/strong><\/p>\n\n\n\n<p>Notre exp\u00e9rience au quotidien de ces cat\u00e9gories vous permettent de b\u00e9n\u00e9ficier des meilleures conditions et pratiques du march\u00e9, et de r\u00e9colter instantan\u00e9ment les meilleures opportunit\u00e9s. Notre r\u00e9seau d&rsquo;experts sp\u00e9cialis\u00e9s vous conseillera pour&nbsp;:<\/p>\n\n\n\n<ul class=\"wp-block-list\">\n<li>n&rsquo;acheter que le n\u00e9cessaire et \u00e9liminer le superflu<\/li>\n\n\n\n<li>r\u00e9duire vos consommations<\/li>\n\n\n\n<li>payer le bon prix<\/li>\n<\/ul>\n\n\n\n<p>Nous am\u00e8nerons <strong>vos fournisseurs existants<\/strong> \u00e0 vous offrir ce dont vous avez vraiment besoin, aux meilleurs conditions du march\u00e9.<\/p>\n\n\n\n<p class=\"has-text-align-center\"><strong>&#8230; pay\u00e9 uniquement au r\u00e9sultat.<\/strong><\/p>\n\n\n\n<p>Notre offre est absolument sans risque&nbsp;: vous gardez le contr\u00f4le de toutes les d\u00e9cisions du d\u00e9but \u00e0 la fin. Cerise sur le g\u00e2teau, nous sommes r\u00e9mun\u00e9r\u00e9s uniquement au succ\u00e8s&nbsp;! Nous partageons les r\u00e9sultats, c&rsquo;est-\u00e0-dire que vous nous payez rien d&rsquo;autre qu&rsquo;une part des \u00e9conomies r\u00e9alis\u00e9es. <a rel=\"noreferrer noopener\" href=\"mailto:contact@adxl.eu?subject=Pouvez-vous nous aider \u00e0 r\u00e9duire nos co\u00fbts ?\" data-type=\"mailto\" data-id=\"mailto:contact@adxl.eu?subject=Pouvez-vous nous aider \u00e0 r\u00e9duire nos co\u00fbts ?\" target=\"_blank\">Contactez-nous<\/a> !<\/p>\n\n\n\n<p><\/p>\n","protected":false},"excerpt":{"rendered":"<p>Les achats directs sont la pr\u00e9occupation principale de vos acheteurs&nbsp;: il faut ma\u00eetriser le coeur de m\u00e9tier&nbsp;! D&rsquo;ailleurs, comment un outsider qui ne conna\u00eet ni votre activit\u00e9 ni vos fournisseurs ach\u00e8terait-il mieux que vous&nbsp;? En revanche, pour les frais g\u00e9n\u00e9raux &hellip; <a href=\"https:\/\/adxl.fr\/index.php\/cost-killing\/\">Continuer la lecture <span class=\"meta-nav\">&rarr;<\/span><\/a><\/p>\n","protected":false},"author":1,"featured_media":0,"parent":0,"menu_order":0,"comment_status":"closed","ping_status":"closed","template":"","meta":{"footnotes":""},"class_list":["post-62","page","type-page","status-publish","hentry"],"_links":{"self":[{"href":"https:\/\/adxl.fr\/index.php\/wp-json\/wp\/v2\/pages\/62","targetHints":{"allow":["GET"]}}],"collection":[{"href":"https:\/\/adxl.fr\/index.php\/wp-json\/wp\/v2\/pages"}],"about":[{"href":"https:\/\/adxl.fr\/index.php\/wp-json\/wp\/v2\/types\/page"}],"author":[{"embeddable":true,"href":"https:\/\/adxl.fr\/index.php\/wp-json\/wp\/v2\/users\/1"}],"replies":[{"embeddable":true,"href":"https:\/\/adxl.fr\/index.php\/wp-json\/wp\/v2\/comments?post=62"}],"version-history":[{"count":6,"href":"https:\/\/adxl.fr\/index.php\/wp-json\/wp\/v2\/pages\/62\/revisions"}],"predecessor-version":[{"id":86,"href":"https:\/\/adxl.fr\/index.php\/wp-json\/wp\/v2\/pages\/62\/revisions\/86"}],"wp:attachment":[{"href":"https:\/\/adxl.fr\/index.php\/wp-json\/wp\/v2\/media?parent=62"}],"curies":[{"name":"wp","href":"https:\/\/api.w.org\/{rel}","templated":true}]}}